List the prime factors of h(-11).
7, 11
Suppose -5*m + 401 = -3*b + 7*b, 2*m - 5*b - 167 = 0. What are the prime factors of m?
3
Let k(b) = b**2 + 2*b - 5. Let h be k(-4). Suppose 245 + 13 = h*c. List the prime factors of c.
2, 43
Suppose -16*j + 29351 = 33*j. What are the prime factors of j?
599
Let v be -13*(-5 - -4) - 4. Let u be (-6)/(-27) + 43/v. What are the prime factors of 396/60*1*u?
3, 11
Suppose 5*i - 3 + 24 = -3*h, -5*i = 4*h + 23. Let m be (-3)/(3/i) - -7. What are the prime factors of (-1 - -3)*(1 + m)?
2, 11
Let c = 1406 + -903. List the prime factors of c.
503
Let k = 18 - 14. Let f = -2 - k. Let z(b) = -3*b + 10. List the prime factors of z(f).
2, 7
What are the prime factors of 6 + (-7 - -1880) - (-1 + -6)?
2, 23, 41
Let o(h) = -h**2 + 16*h + 14. Let s be o(15). Let d = 33 - s. What are the prime factors of d?
2
Let j be 1/((2/3)/2). Let n(a) = a**3 - 2*a**2 - 2*a + 3. Let s be n(j). Suppose l - s*l = -120. What are the prime factors of l?
2, 3
Suppose 3*w - 10 - 17 = 0. Suppose -159 = -3*i + 5*n, -4*i + w*n - 4*n = -207. List the prime factors of i.
2, 3
Suppose 40 = 5*z - 75. Let h = 31 - z. What are the prime factors of h?
2
Suppose -4*r - 2*z + 14504 = 0, 0 = 3*r + 4*z - 6705 - 4178. List the prime factors of r.
5, 29
List the prime factors of 546 + (2 - (19 - 7)).
2, 67
Suppose -5980 = -3*o - 17*o. List the prime factors of o.
13, 23
Suppose -50878 - 57014 = -74*n. What are the prime factors of n?
2, 3
List the prime factors of (243/(-45))/(6/(-410)).
3, 41
What are the prime factors of ((-5)/((-5)/69))/(1/4)?
2, 3, 23
Suppose 2*w - 2*s = 8 + 4, 5*s + 15 = 2*w. Let g(j) be the third derivative of j**5/60 - j**4/24 + j**3/6 + j**2. List the prime factors of g(w).
3, 7
Suppose 6*x = 7*x - 293. Suppose 4*c + 97 = x. What are the prime factors of c?
7
Suppose -26*p + 24*p = -6. Suppose p = -j - 12. Let h = -12 - j. What are the prime factors of h?
3
Let p be (-1 - (4 - 10)) + 4. Suppose -11*f + p*f + 8 = 0. Suppose 4*g = -l + 144 + 14, -f*g + 5*l = -146. What are the prime factors of g?
3, 13
Let m(r) = 3*r**2 + r. Let k be m(12). Suppose 4*s - 76 = k. Suppose 9*a + s = 14*a. What are the prime factors of a?
2, 13
Let i(t) = -t + 15. Let p(x) = x**3 + 3*x**2 + x + 5. Let d be p(-3). Suppose d*z - 5*n = -0 - 2, -5*z - n = -49. What are the prime factors of i(z)?
2, 3
What are the prime factors of ((-4)/(-6))/(7/74718*6)?
2, 593
Suppose v - 2*v = 2*h - 3316, h + 2*v - 1661 = 0. List the prime factors of h.
1657
Let d = 28 + -25. Suppose -4*x + 110 + 7 = d*y, x = -y + 28. What are the prime factors of x?
3, 11
Suppose -4*g + 2589 = 4*q - q, -1941 = -3*g - 3*q. What are the prime factors of g?
2, 3
Let m = 9290 - 6577. What are the prime factors of m?
2713
Suppose -22*o = -26*o + 20. Suppose 3*l - 66 = -o*m, -4*m + 5*l + 38 + 0 = 0. What are the prime factors of m?
2, 3
Suppose -14*l + 19*l - 15 = 0. Suppose 23 + 71 = 4*s + z, l*z = -5*s + 121. List the prime factors of s.
23
Suppose -54 = -3*j + 6*j. Let z = j - -46. What are the prime factors of z?
2, 7
What are the prime factors of (116974/(-715))/((-1)/15)?
2, 3, 409
Suppose 41*i = 32*i + 37953. What are the prime factors of i?
4217
Let p = 80 - 78. Suppose 0 = p*c - 16*c + 2016. What are the prime factors of c?
2, 3
List the prime factors of (-3)/7 - 9432/(-7).
3, 449
Let o = 0 - -4. Suppose o + 137 = 3*m. What are the prime factors of m?
47
Let s be ((-12)/(-30))/(2/470). Suppose 0 = 3*z - 92 - s. List the prime factors of z.
2, 31
Let j be 3/((-42)/(-4)) - (-800)/140. Suppose j*u = 5*u + l + 73, -3*l + 9 = 0. What are the prime factors of u?
2, 19
Let m(h) be the third derivative of -1/6*h**4 + 2*h**2 + 0 - 1/6*h**3 + 0*h. List the prime factors of m(-12).
47
Let a(f) = -f**3 - 6*f**2 - 5*f - 3. Suppose -2 - 18 = -4*i. Suppose -v - 1 = i. List the prime factors of a(v).
3
Suppose 373*r - 379*r + 1116 = 0. List the prime factors of r.
2, 3, 31
Suppose 3*f + o - 6*o - 510 = 0, 0 = 3*o + 9. Suppose -2*l + m = -3*m - 134, 3*m = -3*l + f. What are the prime factors of l?
59
Let g(a) = -a**3 + 12*a**2 - 10*a - 13. Let y be g(11). What are the prime factors of 1/(4/(-208)*y)?
2, 13
Let x(a) = 172*a - 4. Let h be x(4). List the prime factors of h/18 + (-1)/1.
37
Let y be 0*(3 - -1)/4. Suppose j - 2*j - 36 = -s, -2*j - 5*s - 44 = y. Let z = j + 51. What are the prime factors of z?
19
Let a(w) = -w + 0 - 1 + 18 - 3*w. What are the prime factors of a(3)?
5
Suppose x - 2*q - 1228 = -378, -3*q = 4*x - 3389. What are the prime factors of x?
2, 53
What are the prime factors of -2*(-13)/(52/834)?
3, 139
Let f be (-74*1)/2*(-4)/4. Let g = 43 - f. What are the prime factors of g?
2, 3
What are the prime factors of (75/(-50))/(6/(-4916))?
1229
Let u(a) = a**3 - 9*a**2 - 4*a + 11. Suppose -4*h + 40 = -7*d + 3*d, 2*h - 20 = -d. What are the prime factors of u(h)?
71
Suppose 3*i + 591 = j, -3*j - 2*i + 2526 - 764 = 0. List the prime factors of j.
2, 3, 7
Let x(y) = -7 + 7 + 3*y + 3. Let z be x(2). Suppose -5*s = z - 34. What are the prime factors of s?
5
Suppose -706 = -4*s + 1062. What are the prime factors of s?
2, 13, 17
Suppose -1117 + 30111 = 19*j. List the prime factors of j.
2, 7, 109
Suppose 4*d = -v + 50, 5*v - 6*d - 130 = -2*d. What are the prime factors of ((-366)/v)/(2/(-10))?
61
Suppose -3*g - 2*c = -677 - 619, 4*c + 848 = 2*g. Suppose g = 6*p - p. What are the prime factors of p?
2, 43
Let z(c) = c**3 + 19*c**2 - 39*c - 11. List the prime factors of z(-17).
2, 3, 5, 41
Let j(v) be the third derivative of 55*v**4/12 - 7*v**3/3 + 11*v**2. Let a be j(4). List the prime factors of (-2 - -1)/((-6)/a).
71
What are the prime factors of 8/(-20) + (230076/(-20))/(-7)?
31, 53
Let g be 1/((-1 + -3)/(-16)). What are the prime factors of 4 + -2 - (g - 49)?
47
Let d = 0 - -3. Suppose -4*c - d*j + 139 = 0, j - 4*j = -4*c + 133. What are the prime factors of c?
2, 17
Let n be (-110)/(-4)*140/50. Let k = n - 46. List the prime factors of k.
31
Suppose -l - 41 + 35 = 0. List the prime factors of l/14 - 1206/(-21).
3, 19
Let h(s) = -2*s + 43. Suppose -4*g - 5*i = -83, -3*g + i = -0*g - 48. List the prime factors of h(g).
3
Let h(r) = 3*r**3 - 38*r**2 - 9*r + 44. What are the prime factors of h(17)?
2, 3, 19
Suppose 397 = 4*i - 911. List the prime factors of i.
3, 109
Let f be (-4)/16 - (-701)/4. Let o = -92 + f. List the prime factors of o.
83
Suppose 483 = 5*t - 4*t. What are the prime factors of t?
3, 7, 23
Let t be (2 + 16)/((-42)/28). List the prime factors of (-1)/(-3) + (-536)/t.
3, 5
Let r = 4284 - 2846. What are the prime factors of r?
2, 719
Let h = 38 + -33. Suppose -z = h*q - 251, 4*q + 1 = -5*z + 185. List the prime factors of q.
3, 17
Let j = 11 - 5. Suppose h + 5*l + 1 = -14, 4*h + j = -2*l. Suppose -2*a + 5*m = -22, a + a + 5*m - 42 = h. What are the prime factors of a?
2
Let w be (-2 + -1)/((12/(-16))/(-1)). List the prime factors of (w - -11)*(-330)/(-21).
2, 5, 11
Let r(h) = -h**2 + 3. Let o be r(-3). Let j = o + 184. What are the prime factors of j?
2, 89
Let p = 24 + -20. Suppose l - 112 = p*f, 468 = 5*l + f + 2*f. List the prime factors of l.
2, 3
Let q(k) = k**3 - 6*k**2 + k + 10. Let y be q(6). Let i = 0 + y. What are the prime factors of i?
2
Let u(o) = -o**3 + 12*o**2 + 31 + 0 - 10 + 2*o**3 + 9*o. What are the prime factors of u(-9)?
3, 61
Let a(b) = 13*b**3. Suppose 2*y + 16 = 4*y. Let x = -7 + y. What are the prime factors of a(x)?
13
Let w = -19 + 21. Suppose w*h = k + 5, 0*h - 1 = -h + k. Suppose -h*r - v + 95 = -6*v, -5*r + 5*v + 125 = 0. List the prime factors of r.
2, 3, 5
Suppose 9*b = 12*b + 6. Let o be 10/(-15)*15/b. Let x = o + 7. List the prime factors of x.
2, 3
Let r(y) be the third derivative of y**5/60 - y**4/24 - y**3/3 + 9*y**2. Let m be r(-2). Let t(n) = -n**3 + 5*n**2. List the prime factors of t(m).
2
Suppose 2*i = -2*i - 36. Let o be (30/i)/(6/(-9)). What are the prime factors of (-824)/(-20) + 4/o?
2, 3, 7
Suppose -2*x + 242 = 2*w, -3*x + w + 139 + 216 = 0. What are the prime factors of x?
7, 17
Suppose -2*v - 60 = -4*v. Suppose -2*t + 12 = -v. List the prime factors of t.
3, 7
What are the prime factors of (-8 + (-3 - -12))/((-2)/(-3616))?
2, 113
Let m(u) = 203*u + 7. What are the prime factors of m(2)?
7, 59
Let l(d) = -d + 26. Let j be l(8). S